{"id":3645,"date":"2023-05-04T15:07:54","date_gmt":"2023-05-04T13:07:54","guid":{"rendered":"https:\/\/anticslfb.com\/?post_type=activite&#038;p=3645"},"modified":"2023-05-24T13:38:23","modified_gmt":"2023-05-24T11:38:23","slug":"charla-con-quique-bassat-retos-actuales-de-la-salud-en-la-infancia-a-nivel-global","status":"publish","type":"activite","link":"https:\/\/anticslfb.com\/es\/actividades\/charla-con-quique-bassat-retos-actuales-de-la-salud-en-la-infancia-a-nivel-global\/","title":{"rendered":"Charla con Quique Bassat \u00abRetos actuales de la salud en la infancia a nivel global\u00bb"},"content":{"rendered":"<p>Pr\u00f3ximamente, el Dr. Quique Bassat, antiguo alumno del LFB, nos ofrecer\u00e1 una charla sobre los \u00abRetos actuales de la salud en la infancia a nivel global\u00bb. Anunciaremos la fecha exacta a partir del mes de septimebre.<\/p>\n<p><img loading=\"lazy\" decoding=\"async\" class=\"size-medium wp-image-3646\" src=\"https:\/\/anticslfb.com\/wp-content\/uploads\/2023\/05\/Quique-Bassat_ISGlobal_Foto-de-Gloria-Solsona85-225x300.jpg\" alt=\"\" width=\"225\" height=\"300\" \/><\/p>\n<p>Quique Bassat es m\u00e9dico, especializado en:<\/p>\n<ul>\n<li>Pediatr\u00eda (Barcelona 2004)<\/li>\n<li>Medicina Tropical (Universidad de Barcelona, 2004)<\/li>\n<li>Epidemiolog\u00eda (London School of tropical medicine and hygiene, Londres 2007-08).<\/li>\n<\/ul>\n<p>Doctorado (PhD) en Medicina por la Universidad de Barcelona (T\u00edtulo: \u201c<em>M<\/em><em>alaria in the paediatric wards of a rural Mozambican hospital and the clinical development of new antimalarial drugs<\/em>\u201d, Barcelona, 2009).<\/p>\n<p>Como pediatra, con especial inter\u00e9s en la epidemiolog\u00eda de las enfermedades infecciosas y la salud p\u00fablica global, el Dr. Bassat ha intentado combinar su trabajo cl\u00ednico con la investigaci\u00f3n biom\u00e9dica en aquellas enfermedades que m\u00e1s afectan a las personas m\u00e1s vulnerables. Su principal \u00e1rea de inter\u00e9s ha sido la prevenci\u00f3n y el tratamiento de la malaria en la infancia, con un enfoque particular en la comprensi\u00f3n de la superposici\u00f3n cl\u00ednica de la malaria y otras afecciones pedi\u00e1tricas comunes. Su investigaci\u00f3n tambi\u00e9n ha cubierto el nuevo paradigma de la erradicaci\u00f3n de la malaria y otras enfermedades infecciosas, con un inter\u00e9s particular en evaluar el papel de los f\u00e1rmacos en las estrategias de eliminaci\u00f3n. Tambi\u00e9n ha trabajado en la descripci\u00f3n de la epidemiolog\u00eda y etiolog\u00eda de las infecciones respiratorias (virales y bacterianas), enfermedades diarreicas e infecciones neonatales en lugares como Mozambique, Marruecos o But\u00e1n.<\/p>\n<p>Actualmente, est\u00e1 muy interesado en la validaci\u00f3n y evaluaci\u00f3n de dispositivos tecnol\u00f3gicos para fines de salud global, y en particular en la evaluaci\u00f3n de un nuevo enfoque no invasivo para el diagn\u00f3stico de meningitis, y del uso de biomarcadores para el triaje y estratificaci\u00f3n de riesgo de los ni\u00f1os con fiebre.<\/p>\n<p>Como resultado de la pandemia de COVID-19, el Dr. Bassat ha participado en diferentes estudios y ensayos de nuevas herramientas de prevenci\u00f3n y tratamiento de esta infecci\u00f3n. Asimismo, ha investigado la infecci\u00f3n y enfermedad por SARS-CoV-2 en ni\u00f1os, habiendo asesorado al Gobierno espa\u00f1ol sobre temas relacionados con COVID-19 pedi\u00e1trico y la reapertura de las escuelas. El Dr. Bassat tambi\u00e9n est\u00e1 especialmente interesado en el impacto diferencial de la pandemia en los pa\u00edses m\u00e1s pobres, y c\u00f3mo esta ha afectado a las inequidades en salud pre-existentes.<\/p>\n<p>Para asistir a la charla, por favor escribid un e-mail a guy.sabatier@lfb.es con vuestros datos para poder acceder al evento.<\/p>\n<p>\u00a1\u00a1\u00a1Os esperamos a todos!!!<\/p>\n","protected":false},"template":"","class_list":["post-3645","activite","type-activite","status-publish","hentry"],"_links":{"self":[{"href":"https:\/\/anticslfb.com\/es\/wp-json\/wp\/v2\/activite\/3645","targetHints":{"allow":["GET"]}}],"collection":[{"href":"https:\/\/anticslfb.com\/es\/wp-json\/wp\/v2\/activite"}],"about":[{"href":"https:\/\/anticslfb.com\/es\/wp-json\/wp\/v2\/types\/activite"}],"wp:attachment":[{"href":"https:\/\/anticslfb.com\/es\/wp-json\/wp\/v2\/media?parent=3645"}],"curies":[{"name":"wp","href":"https:\/\/api.w.org\/{rel}","templated":true}]}}

<p>Próximamente, el Dr. Quique Bassat, antiguo alumno del LFB, nos ofrecerá una charla sobre los «Retos actuales de la salud en la infancia a nivel global». Anunciaremos la fecha exacta a partir del mes de septimebre.</p>
<p><img loading="lazy" decoding="async" class="size-medium wp-image-3646" src="https://anticslfb.com/wp-content/uploads/2023/05/Quique-Bassat_ISGlobal_Foto-de-Gloria-Solsona85-225x300.jpg" alt="" width="225" height="300" /></p>
<p>Quique Bassat es médico, especializado en:</p>
<ul>
<li>Pediatría (Barcelona 2004)</li>
<li>Medicina Tropical (Universidad de Barcelona, 2004)</li>
<li>Epidemiología (London School of tropical medicine and hygiene, Londres 2007-08).</li>
</ul>
<p>Doctorado (PhD) en Medicina por la Universidad de Barcelona (Título: “<em>M</em><em>alaria in the paediatric wards of a rural Mozambican hospital and the clinical development of new antimalarial drugs</em>”, Barcelona, 2009).</p>
<p>Como pediatra, con especial interés en la epidemiología de las enfermedades infecciosas y la salud pública global, el Dr. Bassat ha intentado combinar su trabajo clínico con la investigación biomédica en aquellas enfermedades que más afectan a las personas más vulnerables. Su principal área de interés ha sido la prevención y el tratamiento de la malaria en la infancia, con un enfoque particular en la comprensión de la superposición clínica de la malaria y otras afecciones pediátricas comunes. Su investigación también ha cubierto el nuevo paradigma de la erradicación de la malaria y otras enfermedades infecciosas, con un interés particular en evaluar el papel de los fármacos en las estrategias de eliminación. También ha trabajado en la descripción de la epidemiología y etiología de las infecciones respiratorias (virales y bacterianas), enfermedades diarreicas e infecciones neonatales en lugares como Mozambique, Marruecos o Bután.</p>
<p>Actualmente, está muy interesado en la validación y evaluación de dispositivos tecnológicos para fines de salud global, y en particular en la evaluación de un nuevo enfoque no invasivo para el diagnóstico de meningitis, y del uso de biomarcadores para el triaje y estratificación de riesgo de los niños con fiebre.</p>
<p>Como resultado de la pandemia de COVID-19, el Dr. Bassat ha participado en diferentes estudios y ensayos de nuevas herramientas de prevención y tratamiento de esta infección. Asimismo, ha investigado la infección y enfermedad por SARS-CoV-2 en niños, habiendo asesorado al Gobierno español sobre temas relacionados con COVID-19 pediátrico y la reapertura de las escuelas. El Dr. Bassat también está especialmente interesado en el impacto diferencial de la pandemia en los países más pobres, y cómo esta ha afectado a las inequidades en salud pre-existentes.</p>
<p>Para asistir a la charla, por favor escribid un e-mail a guy.sabatier@lfb.es con vuestros datos para poder acceder al evento.</p>
<p>¡¡¡Os esperamos a todos!!!</p>
